{"id":2086,"date":"2021-08-22T20:57:55","date_gmt":"2021-08-22T18:57:55","guid":{"rendered":"https:\/\/tech-my.biz\/demo-robertb\/?page_id=2086"},"modified":"2021-08-22T20:57:55","modified_gmt":"2021-08-22T18:57:55","slug":"rendre-visible-site-sur-google","status":"publish","type":"page","link":"https:\/\/tech-my.biz\/robert-b\/realisations\/rendre-visible-site-sur-google\/","title":{"rendered":"Comment rendre visible son site sur Google ?"},"content":{"rendered":"\n<style type=\"text\/css\" data-created_by=\"avia_inline_auto\" id=\"style-css-av-no6uc6-157d69d736dde3774514145f0f5ed90c\">\n.avia-section.av-no6uc6-157d69d736dde3774514145f0f5ed90c{\nbackground-color:#ffffff;\nbackground-image:unset;\n}\n<\/style>\n<div id='av_section_1'  class='avia-section av-no6uc6-157d69d736dde3774514145f0f5ed90c main_color avia-section-default avia-no-border-styling  avia-builder-el-0  el_before_av_button_big  avia-builder-el-first  avia-bg-style-fixed av-minimum-height av-minimum-height-100 av-height-100  container_wrap fullsize'   data-av_minimum_height_pc='100' data-av_min_height_opt='100'><div class='container av-section-cont-open' ><main  role=\"main\" itemprop=\"mainContentOfPage\"  class='template-page content  av-content-full alpha units'><div class='post-entry post-entry-type-page post-entry-2086'><div class='entry-content-wrapper clearfix'>\n\n<style type=\"text\/css\" data-created_by=\"avia_inline_auto\" id=\"style-css-av-mtrlbq-2e035537092159a29ae795522d5638db\">\n#top .hr.hr-invisible.av-mtrlbq-2e035537092159a29ae795522d5638db{\nheight:15px;\n}\n<\/style>\n<div  class='hr av-mtrlbq-2e035537092159a29ae795522d5638db hr-invisible  avia-builder-el-1  el_before_av_one_full  avia-builder-el-first  av-desktop-hide av-medium-hide'><span class='hr-inner '><span class=\"hr-inner-style\"><\/span><\/span><\/div>\n<div class='flex_column_table av-lbs7wm-04337d4d5951802fd2bb359dfdca9a90 sc-av_one_full av-equal-height-column-flextable'>\n<style type=\"text\/css\" data-created_by=\"avia_inline_auto\" id=\"style-css-av-lbs7wm-04337d4d5951802fd2bb359dfdca9a90\">\n.flex_column.av-lbs7wm-04337d4d5951802fd2bb359dfdca9a90{\nborder-radius:0px 0px 0px 0px;\npadding:0px 0px 0px 0px;\n}\n<\/style>\n<div  class='flex_column av-lbs7wm-04337d4d5951802fd2bb359dfdca9a90 av_one_full  avia-builder-el-2  el_after_av_hr  el_before_av_one_half  first flex_column_table_cell av-equal-height-column av-align-top av-animated-generic top-to-bottom av-zero-column-padding  '     ><style type=\"text\/css\" data-created_by=\"avia_inline_auto\" id=\"style-css-av-jok0na-61b8059fa6f5ad0e8b3aa7960640a840\">\n#top .av-special-heading.av-jok0na-61b8059fa6f5ad0e8b3aa7960640a840{\npadding-bottom:0;\nfont-size:35px;\n}\nbody .av-special-heading.av-jok0na-61b8059fa6f5ad0e8b3aa7960640a840 .av-special-heading-tag .heading-char{\nfont-size:25px;\n}\n#top #wrap_all .av-special-heading.av-jok0na-61b8059fa6f5ad0e8b3aa7960640a840 .av-special-heading-tag{\nfont-size:35px;\n}\n.av-special-heading.av-jok0na-61b8059fa6f5ad0e8b3aa7960640a840 .av-subheading{\nfont-size:15px;\n}\n\n@media only screen and (min-width: 768px) and (max-width: 989px){ \n#top #wrap_all .av-special-heading.av-jok0na-61b8059fa6f5ad0e8b3aa7960640a840 .av-special-heading-tag{\nfont-size:32px;\n}\n}\n\n@media only screen and (min-width: 480px) and (max-width: 767px){ \n#top #wrap_all .av-special-heading.av-jok0na-61b8059fa6f5ad0e8b3aa7960640a840 .av-special-heading-tag{\nfont-size:28px;\n}\n}\n\n@media only screen and (max-width: 479px){ \n#top #wrap_all .av-special-heading.av-jok0na-61b8059fa6f5ad0e8b3aa7960640a840 .av-special-heading-tag{\nfont-size:25px;\n}\n.av-special-heading.av-jok0na-61b8059fa6f5ad0e8b3aa7960640a840 .av-subheading{\nfont-size:30px;\n}\n}\n<\/style>\n<div  class='av-special-heading av-jok0na-61b8059fa6f5ad0e8b3aa7960640a840 av-special-heading-h2 blockquote modern-quote modern-centered  avia-builder-el-3  avia-builder-el-no-sibling  av-thin-font av-inherit-size av-linked-heading'><h2 class='av-special-heading-tag '  itemprop=\"headline\"  ><strong>Comment rendre visible son site sur Google ?<\/strong><\/h2><div class=\"special-heading-border\"><div class=\"special-heading-inner-border\"><\/div><\/div><\/div><\/div><\/div><!--close column table wrapper. Autoclose: 1 --><div class='flex_column_table av-1p4ekm-f9d8377509819a7713ed57e6363cb7bc sc-av_one_half av-equal-height-column-flextable'>\n<style type=\"text\/css\" data-created_by=\"avia_inline_auto\" id=\"style-css-av-1p4ekm-f9d8377509819a7713ed57e6363cb7bc\">\n.flex_column.av-1p4ekm-f9d8377509819a7713ed57e6363cb7bc{\nborder-radius:0px 0px 0px 0px;\npadding:0px 0px 0px 0px;\n}\n<\/style>\n<div  class='flex_column av-1p4ekm-f9d8377509819a7713ed57e6363cb7bc av_one_half  avia-builder-el-4  el_after_av_one_full  el_before_av_one_half  first flex_column_table_cell av-equal-height-column av-align-middle av-zero-column-padding  column-top-margin'     ><p>\n<style type=\"text\/css\" data-created_by=\"avia_inline_auto\" id=\"style-css-av-f22d1i-146a380333c9755495d3145935fc82f0\">\n.avia-image-container.av-f22d1i-146a380333c9755495d3145935fc82f0 img.avia_image{\nbox-shadow:none;\n}\n.avia-image-container.av-f22d1i-146a380333c9755495d3145935fc82f0 .av-image-caption-overlay-center{\ncolor:#ffffff;\n}\n<\/style>\n<div  class='avia-image-container av-f22d1i-146a380333c9755495d3145935fc82f0 av-styling- avia-align-center  avia-builder-el-5  el_before_av_textblock  avia-builder-el-first  av-desktop-hide av-medium-hide'   itemprop=\"image\" itemscope=\"itemscope\" itemtype=\"https:\/\/schema.org\/ImageObject\" ><div class=\"avia-image-container-inner\"><div class=\"avia-image-overlay-wrap\"><img decoding=\"async\" fetchpriority=\"high\" class='wp-image-2090 avia-img-lazy-loading-not-2090 avia_image ' src=\"https:\/\/tech-my.biz\/robert-b\/wp-content\/uploads\/sites\/28\/2021\/08\/seo-1.jpg\" alt='' title='seo-1'  height=\"533\" width=\"800\"  itemprop=\"thumbnailUrl\" srcset=\"https:\/\/tech-my.biz\/robert-b\/wp-content\/uploads\/sites\/28\/2021\/08\/seo-1.jpg 800w, https:\/\/tech-my.biz\/robert-b\/wp-content\/uploads\/sites\/28\/2021\/08\/seo-1-300x200.jpg 300w, https:\/\/tech-my.biz\/robert-b\/wp-content\/uploads\/sites\/28\/2021\/08\/seo-1-768x512.jpg 768w, https:\/\/tech-my.biz\/robert-b\/wp-content\/uploads\/sites\/28\/2021\/08\/seo-1-705x470.jpg 705w\" sizes=\"(max-width: 800px) 100vw, 800px\" \/><\/div><\/div><\/div><br \/>\n\n<style type=\"text\/css\" data-created_by=\"avia_inline_auto\" id=\"style-css-av-ei7k0m-5845627fbb261e5c1d938df3e86f5ec6\">\n#top .av_textblock_section.av-ei7k0m-5845627fbb261e5c1d938df3e86f5ec6 .avia_textblock{\nfont-size:16px;\n}\n<\/style>\n<section  class='av_textblock_section av-ei7k0m-5845627fbb261e5c1d938df3e86f5ec6 '   itemscope=\"itemscope\" itemtype=\"https:\/\/schema.org\/CreativeWork\" ><div class='avia_textblock'  itemprop=\"text\" ><h2 style=\"text-align: justify\"><span style=\"font-size: 15pt\"><b><span style=\"color: #000000\">Avoir un site Web r\u00e9pondant aux normes de Google<\/span><\/b><\/span><\/h2>\n<p>Vous poss\u00e9dez un site Web ? C&rsquo;est d\u00e9j\u00e0 un bon d\u00e9but ! Mais si celui-ci Web n\u2019appara\u00eet pas ou tr\u00e8s faiblement dans les r\u00e9sultats des moteurs de recherche, alors il ne sert \u00e0 rien.<\/p>\n<p>Pourquoi ? Parce que la majorit\u00e9 des internautes effectuent leurs recherches sur Google pour trouver un juriste ou un avocat. Il est donc essentiel que vous soyez visibles et m\u00eame plus visibles que vos concurrents.<\/p>\n<p>Comment ? Tout d&rsquo;abord en listant vos mots-cl\u00e9s. Quels sont les mots-cl\u00e9s qui r\u00e9sument votre activit\u00e9 ? Qu&rsquo;est-ce que les internautes pourraient taper dans la barre de recherche Google avant de vous trouver ?<\/p>\n<p>Chez robert.b, nous vous aidons \u00e0 trouver les mots-cl\u00e9s qui vous permettront de ressortir efficacement dans les r\u00e9sultats des moteurs de recherche.<\/p>\n<\/div><\/section><\/p><\/div><div class='av-flex-placeholder'><\/div>\n<style type=\"text\/css\" data-created_by=\"avia_inline_auto\" id=\"style-css-av-byg89i-64a407b8dd6cb5ab926555742f970ad2\">\n.flex_column.av-byg89i-64a407b8dd6cb5ab926555742f970ad2{\nborder-radius:0px 0px 0px 0px;\npadding:0px 0px 0px 0px;\n}\n<\/style>\n<div  class='flex_column av-byg89i-64a407b8dd6cb5ab926555742f970ad2 av_one_half  avia-builder-el-7  el_after_av_one_half  el_before_av_one_half  flex_column_table_cell av-equal-height-column av-align-middle av-animated-generic top-to-bottom av-hide-on-mobile av-zero-column-padding  column-top-margin'     ><style type=\"text\/css\" data-created_by=\"avia_inline_auto\" id=\"style-css-av-alfeba-e55e808efc53f5c1abdf5d024bcb5844\">\n.avia-image-container.av-alfeba-e55e808efc53f5c1abdf5d024bcb5844 img.avia_image{\nbox-shadow:none;\n}\n.avia-image-container.av-alfeba-e55e808efc53f5c1abdf5d024bcb5844 .av-image-caption-overlay-center{\ncolor:#ffffff;\n}\n<\/style>\n<div  class='avia-image-container av-alfeba-e55e808efc53f5c1abdf5d024bcb5844 av-styling- avia-align-center  avia-builder-el-8  avia-builder-el-no-sibling '   itemprop=\"image\" itemscope=\"itemscope\" itemtype=\"https:\/\/schema.org\/ImageObject\" ><div class=\"avia-image-container-inner\"><div class=\"avia-image-overlay-wrap\"><img decoding=\"async\" fetchpriority=\"high\" class='wp-image-2090 avia-img-lazy-loading-not-2090 avia_image ' src=\"https:\/\/tech-my.biz\/robert-b\/wp-content\/uploads\/sites\/28\/2021\/08\/seo-1.jpg\" alt='' title='seo-1'  height=\"533\" width=\"800\"  itemprop=\"thumbnailUrl\" srcset=\"https:\/\/tech-my.biz\/robert-b\/wp-content\/uploads\/sites\/28\/2021\/08\/seo-1.jpg 800w, https:\/\/tech-my.biz\/robert-b\/wp-content\/uploads\/sites\/28\/2021\/08\/seo-1-300x200.jpg 300w, https:\/\/tech-my.biz\/robert-b\/wp-content\/uploads\/sites\/28\/2021\/08\/seo-1-768x512.jpg 768w, https:\/\/tech-my.biz\/robert-b\/wp-content\/uploads\/sites\/28\/2021\/08\/seo-1-705x470.jpg 705w\" sizes=\"(max-width: 800px) 100vw, 800px\" \/><\/div><\/div><\/div><\/div><\/div><!--close column table wrapper. Autoclose: 1 --><div class='flex_column_table av-94wr1i-7be7699b3ffce3300791ac3cbfb328d0 sc-av_one_half av-equal-height-column-flextable'>\n<style type=\"text\/css\" data-created_by=\"avia_inline_auto\" id=\"style-css-av-94wr1i-7be7699b3ffce3300791ac3cbfb328d0\">\n.flex_column.av-94wr1i-7be7699b3ffce3300791ac3cbfb328d0{\nborder-radius:0px 0px 0px 0px;\npadding:0px 0px 0px 0px;\n}\n<\/style>\n<div  class='flex_column av-94wr1i-7be7699b3ffce3300791ac3cbfb328d0 av_one_half  avia-builder-el-9  el_after_av_one_half  el_before_av_one_half  first flex_column_table_cell av-equal-height-column av-align-middle av-animated-generic top-to-bottom av-zero-column-padding  column-top-margin'     ><style type=\"text\/css\" data-created_by=\"avia_inline_auto\" id=\"style-css-av-71awxi-24fda3001c5d8702466daf3d650c83a6\">\n.avia-image-container.av-71awxi-24fda3001c5d8702466daf3d650c83a6 img.avia_image{\nbox-shadow:none;\n}\n.avia-image-container.av-71awxi-24fda3001c5d8702466daf3d650c83a6 .av-image-caption-overlay-center{\ncolor:#ffffff;\n}\n<\/style>\n<div  class='avia-image-container av-71awxi-24fda3001c5d8702466daf3d650c83a6 av-styling- avia-align-center  avia-builder-el-10  avia-builder-el-no-sibling '   itemprop=\"image\" itemscope=\"itemscope\" itemtype=\"https:\/\/schema.org\/ImageObject\" ><div class=\"avia-image-container-inner\"><div class=\"avia-image-overlay-wrap\"><img decoding=\"async\" fetchpriority=\"high\" class='wp-image-2091 avia-img-lazy-loading-not-2091 avia_image ' src=\"https:\/\/tech-my.biz\/robert-b\/wp-content\/uploads\/sites\/28\/2021\/08\/seo-2.jpg\" alt='' title='seo-2'  height=\"531\" width=\"800\"  itemprop=\"thumbnailUrl\" srcset=\"https:\/\/tech-my.biz\/robert-b\/wp-content\/uploads\/sites\/28\/2021\/08\/seo-2.jpg 800w, https:\/\/tech-my.biz\/robert-b\/wp-content\/uploads\/sites\/28\/2021\/08\/seo-2-300x199.jpg 300w, https:\/\/tech-my.biz\/robert-b\/wp-content\/uploads\/sites\/28\/2021\/08\/seo-2-768x510.jpg 768w, https:\/\/tech-my.biz\/robert-b\/wp-content\/uploads\/sites\/28\/2021\/08\/seo-2-705x468.jpg 705w\" sizes=\"(max-width: 800px) 100vw, 800px\" \/><\/div><\/div><\/div><\/div><div class='av-flex-placeholder'><\/div>\n<style type=\"text\/css\" data-created_by=\"avia_inline_auto\" id=\"style-css-av-5q73jq-eff27a63c8c9f62a85a41d172cbfd8f0\">\n.flex_column.av-5q73jq-eff27a63c8c9f62a85a41d172cbfd8f0{\nborder-radius:0px 0px 0px 0px;\npadding:0px 0px 0px 0px;\n}\n<\/style>\n<div  class='flex_column av-5q73jq-eff27a63c8c9f62a85a41d172cbfd8f0 av_one_half  avia-builder-el-11  el_after_av_one_half  avia-builder-el-last  flex_column_table_cell av-equal-height-column av-align-middle av-zero-column-padding  column-top-margin'     ><style type=\"text\/css\" data-created_by=\"avia_inline_auto\" id=\"style-css-av-4maeva-62043bce4066f311b042e12337ada47f\">\n#top .av_textblock_section.av-4maeva-62043bce4066f311b042e12337ada47f .avia_textblock{\nfont-size:16px;\n}\n<\/style>\n<section  class='av_textblock_section av-4maeva-62043bce4066f311b042e12337ada47f '   itemscope=\"itemscope\" itemtype=\"https:\/\/schema.org\/CreativeWork\" ><div class='avia_textblock'  itemprop=\"text\" ><h2 style=\"text-align: right\"><span style=\"font-size: 15pt\"><b><span style=\"color: #000000\">R\u00e9diger les bons contenus au bon moment et au bon endroit<\/span><\/b><\/span><\/h2>\n<p style=\"text-align: right\">Aux yeux de Google \u00ab\u00a0Content is king\u00a0\u00bb. Ce sont donc les contenus pr\u00e9sents sur votre site Web qui feront la diff\u00e9rence face \u00e0 vos concurrent et vous aideront \u00e0 ressortir dans les r\u00e9sultats des moteurs de recherche. R\u00e9diger des articles est essentiel mais aussi avoir la bonne arborescence et les bons items dans votre menu. Il faut \u00e9galement placer ses mots-cl\u00e9s dans les titres, les images, ou encore utiliser des logiciels comme Yoast SEO afin de vous aider \u00e0 r\u00e9diger ce qui ressortira dans les r\u00e9sultats de recherche de Google, pour chaque page de votre site.<\/p>\n<\/div><\/section><\/div><\/div><!--close column table wrapper. Autoclose: 1 --><div  class='avia-button-wrap avia-button-center  avia-builder-el-13  el_after_av_section  avia-builder-el-last '>\n<style type=\"text\/css\" data-created_by=\"avia_inline_auto\" id=\"style-css-av-2vmbqe-ef3f5317e9613f119644bbea1e0b530b\">\n#top #wrap_all .avia-button.av-2vmbqe-ef3f5317e9613f119644bbea1e0b530b:hover{\ncolor:white;\ntransition:all 0.4s ease-in-out;\n}\n#top #wrap_all .avia-button.av-2vmbqe-ef3f5317e9613f119644bbea1e0b530b:hover .avia-svg-icon svg:first-child{\nfill:white;\nstroke:white;\n}\n<\/style>\n<a href='https:\/\/tech-my.biz\/robert-b\/contact-experts-evolution-avocats\/' class='avia-color-theme-color avia-font-color-theme-color avia-button avia-button-fullwidth av-2vmbqe-ef3f5317e9613f119644bbea1e0b530b avia-icon_select-yes-left-icon avia-color-theme-color'   aria-label=\"Vous souhaitez \u00eatre accompagn\u00e9 pour ressortir efficacement sur Google ? Contactez-nous en cliquant ici !\"><span class='avia_button_icon avia_button_icon_left avia-iconfont avia-font-entypo-fontello' data-av_icon='\ue805' data-av_iconfont='entypo-fontello' ><\/span><span class='avia_iconbox_title' >Vous souhaitez \u00eatre accompagn\u00e9 pour ressortir efficacement sur Google ? Contactez-nous en cliquant ici !<\/span><span class='avia_button_background avia-button avia-button-fullwidth avia-color-theme-color-highlight'><\/span><\/a><\/div><\/p>\n","protected":false},"excerpt":{"rendered":"","protected":false},"author":6,"featured_media":2142,"parent":1064,"menu_order":0,"comment_status":"closed","ping_status":"closed","template":"","meta":{"footnotes":""},"class_list":["post-2086","page","type-page","status-publish","has-post-thumbnail","hentry"],"yoast_head":"<!-- This site is optimized with the Yoast SEO plugin v27.4 - https:\/\/yoast.com\/product\/yoast-seo-wordpress\/ -->\n<title>Comment rendre visible son site sur Google ? - robert.b<\/title>\n<meta name=\"description\" content=\"Vous souhaitez \u00eatre accompagn\u00e9 pour ressortir efficacement sur Google ? Contactez robert.b en cliquant ici !\" \/>\n<meta name=\"robots\" content=\"index, follow, max-snippet:-1, max-image-preview:large, max-video-preview:-1\" \/>\n<link rel=\"canonical\" href=\"https:\/\/tech-my.biz\/robert-b\/realisations\/rendre-visible-site-sur-google\/\" \/>\n<meta property=\"og:locale\" content=\"fr_FR\" \/>\n<meta property=\"og:type\" content=\"article\" \/>\n<meta property=\"og:title\" content=\"Comment rendre visible son site sur Google ? - robert.b\" \/>\n<meta property=\"og:description\" content=\"Vous souhaitez \u00eatre accompagn\u00e9 pour ressortir efficacement sur Google ? Contactez robert.b en cliquant ici !\" \/>\n<meta property=\"og:url\" content=\"https:\/\/tech-my.biz\/robert-b\/realisations\/rendre-visible-site-sur-google\/\" \/>\n<meta property=\"og:site_name\" content=\"robert.b\" \/>\n<meta property=\"og:image\" content=\"http:\/\/tech-my.biz\/robert-b\/wp-content\/uploads\/sites\/28\/2021\/10\/robertb.jpg\" \/>\n\t<meta property=\"og:image:width\" content=\"2048\" \/>\n\t<meta property=\"og:image:height\" content=\"1208\" \/>\n\t<meta property=\"og:image:type\" content=\"image\/jpeg\" \/>\n<meta name=\"twitter:card\" content=\"summary_large_image\" \/>\n<meta name=\"twitter:label1\" content=\"Dur\u00e9e de lecture estim\u00e9e\" \/>\n\t<meta name=\"twitter:data1\" content=\"9 minutes\" \/>\n<script type=\"application\/ld+json\" class=\"yoast-schema-graph\">{\"@context\":\"https:\\\/\\\/schema.org\",\"@graph\":[{\"@type\":\"WebPage\",\"@id\":\"https:\\\/\\\/tech-my.biz\\\/robert-b\\\/realisations\\\/rendre-visible-site-sur-google\\\/\",\"url\":\"https:\\\/\\\/tech-my.biz\\\/robert-b\\\/realisations\\\/rendre-visible-site-sur-google\\\/\",\"name\":\"Comment rendre visible son site sur Google ? - robert.b\",\"isPartOf\":{\"@id\":\"https:\\\/\\\/tech-my.biz\\\/robert-b\\\/#website\"},\"primaryImageOfPage\":{\"@id\":\"https:\\\/\\\/tech-my.biz\\\/robert-b\\\/realisations\\\/rendre-visible-site-sur-google\\\/#primaryimage\"},\"image\":{\"@id\":\"https:\\\/\\\/tech-my.biz\\\/robert-b\\\/realisations\\\/rendre-visible-site-sur-google\\\/#primaryimage\"},\"thumbnailUrl\":\"https:\\\/\\\/tech-my.biz\\\/robert-b\\\/wp-content\\\/uploads\\\/sites\\\/28\\\/2021\\\/10\\\/robertb.jpg\",\"datePublished\":\"2021-08-22T18:57:55+00:00\",\"description\":\"Vous souhaitez \u00eatre accompagn\u00e9 pour ressortir efficacement sur Google ? Contactez robert.b en cliquant ici !\",\"breadcrumb\":{\"@id\":\"https:\\\/\\\/tech-my.biz\\\/robert-b\\\/realisations\\\/rendre-visible-site-sur-google\\\/#breadcrumb\"},\"inLanguage\":\"fr-FR\",\"potentialAction\":[{\"@type\":\"ReadAction\",\"target\":[\"https:\\\/\\\/tech-my.biz\\\/robert-b\\\/realisations\\\/rendre-visible-site-sur-google\\\/\"]}]},{\"@type\":\"ImageObject\",\"inLanguage\":\"fr-FR\",\"@id\":\"https:\\\/\\\/tech-my.biz\\\/robert-b\\\/realisations\\\/rendre-visible-site-sur-google\\\/#primaryimage\",\"url\":\"https:\\\/\\\/tech-my.biz\\\/robert-b\\\/wp-content\\\/uploads\\\/sites\\\/28\\\/2021\\\/10\\\/robertb.jpg\",\"contentUrl\":\"https:\\\/\\\/tech-my.biz\\\/robert-b\\\/wp-content\\\/uploads\\\/sites\\\/28\\\/2021\\\/10\\\/robertb.jpg\",\"width\":2048,\"height\":1208},{\"@type\":\"BreadcrumbList\",\"@id\":\"https:\\\/\\\/tech-my.biz\\\/robert-b\\\/realisations\\\/rendre-visible-site-sur-google\\\/#breadcrumb\",\"itemListElement\":[{\"@type\":\"ListItem\",\"position\":1,\"name\":\"Accueil\",\"item\":\"https:\\\/\\\/tech-my.biz\\\/robert-b\\\/\"},{\"@type\":\"ListItem\",\"position\":2,\"name\":\"R\u00e9alisations\",\"item\":\"https:\\\/\\\/tech-my.biz\\\/robert-b\\\/realisations\\\/\"},{\"@type\":\"ListItem\",\"position\":3,\"name\":\"Comment rendre visible son site sur Google ?\"}]},{\"@type\":\"WebSite\",\"@id\":\"https:\\\/\\\/tech-my.biz\\\/robert-b\\\/#website\",\"url\":\"https:\\\/\\\/tech-my.biz\\\/robert-b\\\/\",\"name\":\"robert.b\",\"description\":\"Le futur, aujourd&#039;hui, pour des Avocats toujours pr\u00e9sents demain\",\"publisher\":{\"@id\":\"https:\\\/\\\/tech-my.biz\\\/robert-b\\\/#organization\"},\"potentialAction\":[{\"@type\":\"SearchAction\",\"target\":{\"@type\":\"EntryPoint\",\"urlTemplate\":\"https:\\\/\\\/tech-my.biz\\\/robert-b\\\/?s={search_term_string}\"},\"query-input\":{\"@type\":\"PropertyValueSpecification\",\"valueRequired\":true,\"valueName\":\"search_term_string\"}}],\"inLanguage\":\"fr-FR\"},{\"@type\":\"Organization\",\"@id\":\"https:\\\/\\\/tech-my.biz\\\/robert-b\\\/#organization\",\"name\":\"robert.b\",\"url\":\"https:\\\/\\\/tech-my.biz\\\/robert-b\\\/\",\"logo\":{\"@type\":\"ImageObject\",\"inLanguage\":\"fr-FR\",\"@id\":\"https:\\\/\\\/tech-my.biz\\\/robert-b\\\/#\\\/schema\\\/logo\\\/image\\\/\",\"url\":\"https:\\\/\\\/tech-my.biz\\\/robert-b\\\/wp-content\\\/uploads\\\/sites\\\/28\\\/2019\\\/10\\\/logo-robert-b-cabinets-avocats.png\",\"contentUrl\":\"https:\\\/\\\/tech-my.biz\\\/robert-b\\\/wp-content\\\/uploads\\\/sites\\\/28\\\/2019\\\/10\\\/logo-robert-b-cabinets-avocats.png\",\"width\":500,\"height\":194,\"caption\":\"robert.b\"},\"image\":{\"@id\":\"https:\\\/\\\/tech-my.biz\\\/robert-b\\\/#\\\/schema\\\/logo\\\/image\\\/\"}}]}<\/script>\n<!-- \/ Yoast SEO plugin. -->","yoast_head_json":{"title":"Comment rendre visible son site sur Google ? - robert.b","description":"Vous souhaitez \u00eatre accompagn\u00e9 pour ressortir efficacement sur Google ? Contactez robert.b en cliquant ici !","robots":{"index":"index","follow":"follow","max-snippet":"max-snippet:-1","max-image-preview":"max-image-preview:large","max-video-preview":"max-video-preview:-1"},"canonical":"https:\/\/tech-my.biz\/robert-b\/realisations\/rendre-visible-site-sur-google\/","og_locale":"fr_FR","og_type":"article","og_title":"Comment rendre visible son site sur Google ? - robert.b","og_description":"Vous souhaitez \u00eatre accompagn\u00e9 pour ressortir efficacement sur Google ? Contactez robert.b en cliquant ici !","og_url":"https:\/\/tech-my.biz\/robert-b\/realisations\/rendre-visible-site-sur-google\/","og_site_name":"robert.b","og_image":[{"width":2048,"height":1208,"url":"http:\/\/tech-my.biz\/robert-b\/wp-content\/uploads\/sites\/28\/2021\/10\/robertb.jpg","type":"image\/jpeg"}],"twitter_card":"summary_large_image","twitter_misc":{"Dur\u00e9e de lecture estim\u00e9e":"9 minutes"},"schema":{"@context":"https:\/\/schema.org","@graph":[{"@type":"WebPage","@id":"https:\/\/tech-my.biz\/robert-b\/realisations\/rendre-visible-site-sur-google\/","url":"https:\/\/tech-my.biz\/robert-b\/realisations\/rendre-visible-site-sur-google\/","name":"Comment rendre visible son site sur Google ? - robert.b","isPartOf":{"@id":"https:\/\/tech-my.biz\/robert-b\/#website"},"primaryImageOfPage":{"@id":"https:\/\/tech-my.biz\/robert-b\/realisations\/rendre-visible-site-sur-google\/#primaryimage"},"image":{"@id":"https:\/\/tech-my.biz\/robert-b\/realisations\/rendre-visible-site-sur-google\/#primaryimage"},"thumbnailUrl":"https:\/\/tech-my.biz\/robert-b\/wp-content\/uploads\/sites\/28\/2021\/10\/robertb.jpg","datePublished":"2021-08-22T18:57:55+00:00","description":"Vous souhaitez \u00eatre accompagn\u00e9 pour ressortir efficacement sur Google ? Contactez robert.b en cliquant ici !","breadcrumb":{"@id":"https:\/\/tech-my.biz\/robert-b\/realisations\/rendre-visible-site-sur-google\/#breadcrumb"},"inLanguage":"fr-FR","potentialAction":[{"@type":"ReadAction","target":["https:\/\/tech-my.biz\/robert-b\/realisations\/rendre-visible-site-sur-google\/"]}]},{"@type":"ImageObject","inLanguage":"fr-FR","@id":"https:\/\/tech-my.biz\/robert-b\/realisations\/rendre-visible-site-sur-google\/#primaryimage","url":"https:\/\/tech-my.biz\/robert-b\/wp-content\/uploads\/sites\/28\/2021\/10\/robertb.jpg","contentUrl":"https:\/\/tech-my.biz\/robert-b\/wp-content\/uploads\/sites\/28\/2021\/10\/robertb.jpg","width":2048,"height":1208},{"@type":"BreadcrumbList","@id":"https:\/\/tech-my.biz\/robert-b\/realisations\/rendre-visible-site-sur-google\/#breadcrumb","itemListElement":[{"@type":"ListItem","position":1,"name":"Accueil","item":"https:\/\/tech-my.biz\/robert-b\/"},{"@type":"ListItem","position":2,"name":"R\u00e9alisations","item":"https:\/\/tech-my.biz\/robert-b\/realisations\/"},{"@type":"ListItem","position":3,"name":"Comment rendre visible son site sur Google ?"}]},{"@type":"WebSite","@id":"https:\/\/tech-my.biz\/robert-b\/#website","url":"https:\/\/tech-my.biz\/robert-b\/","name":"robert.b","description":"Le futur, aujourd&#039;hui, pour des Avocats toujours pr\u00e9sents demain","publisher":{"@id":"https:\/\/tech-my.biz\/robert-b\/#organization"},"potentialAction":[{"@type":"SearchAction","target":{"@type":"EntryPoint","urlTemplate":"https:\/\/tech-my.biz\/robert-b\/?s={search_term_string}"},"query-input":{"@type":"PropertyValueSpecification","valueRequired":true,"valueName":"search_term_string"}}],"inLanguage":"fr-FR"},{"@type":"Organization","@id":"https:\/\/tech-my.biz\/robert-b\/#organization","name":"robert.b","url":"https:\/\/tech-my.biz\/robert-b\/","logo":{"@type":"ImageObject","inLanguage":"fr-FR","@id":"https:\/\/tech-my.biz\/robert-b\/#\/schema\/logo\/image\/","url":"https:\/\/tech-my.biz\/robert-b\/wp-content\/uploads\/sites\/28\/2019\/10\/logo-robert-b-cabinets-avocats.png","contentUrl":"https:\/\/tech-my.biz\/robert-b\/wp-content\/uploads\/sites\/28\/2019\/10\/logo-robert-b-cabinets-avocats.png","width":500,"height":194,"caption":"robert.b"},"image":{"@id":"https:\/\/tech-my.biz\/robert-b\/#\/schema\/logo\/image\/"}}]}},"_links":{"self":[{"href":"https:\/\/tech-my.biz\/robert-b\/wp-json\/wp\/v2\/pages\/2086","targetHints":{"allow":["GET"]}}],"collection":[{"href":"https:\/\/tech-my.biz\/robert-b\/wp-json\/wp\/v2\/pages"}],"about":[{"href":"https:\/\/tech-my.biz\/robert-b\/wp-json\/wp\/v2\/types\/page"}],"author":[{"embeddable":true,"href":"https:\/\/tech-my.biz\/robert-b\/wp-json\/wp\/v2\/users\/6"}],"replies":[{"embeddable":true,"href":"https:\/\/tech-my.biz\/robert-b\/wp-json\/wp\/v2\/comments?post=2086"}],"version-history":[{"count":0,"href":"https:\/\/tech-my.biz\/robert-b\/wp-json\/wp\/v2\/pages\/2086\/revisions"}],"up":[{"embeddable":true,"href":"https:\/\/tech-my.biz\/robert-b\/wp-json\/wp\/v2\/pages\/1064"}],"wp:featuredmedia":[{"embeddable":true,"href":"https:\/\/tech-my.biz\/robert-b\/wp-json\/wp\/v2\/media\/2142"}],"wp:attachment":[{"href":"https:\/\/tech-my.biz\/robert-b\/wp-json\/wp\/v2\/media?parent=2086"}],"curies":[{"name":"wp","href":"https:\/\/api.w.org\/{rel}","templated":true}]}}